{"id":17,"date":"2023-10-29T14:50:50","date_gmt":"2023-10-29T13:50:50","guid":{"rendered":"https:\/\/jbtecs.fr\/?page_id=17"},"modified":"2023-10-31T11:22:28","modified_gmt":"2023-10-31T10:22:28","slug":"accueil","status":"publish","type":"page","link":"https:\/\/jbtecs.fr\/","title":{"rendered":"Accueil"},"content":{"rendered":"\n<div class=\"wp-block-cover alignfull is-light\" style=\"margin-top:0;min-height:720px;aspect-ratio:unset;\"><span aria-hidden=\"true\" class=\"wp-block-cover__background has-background-dim-100 has-background-dim has-background-gradient\" style=\"background:linear-gradient(135deg,rgb(238,238,238) 0%,rgb(67,164,233) 100%)\"><\/span><div class=\"wp-block-cover__inner-container is-layout-flow wp-block-cover-is-layout-flow\">\n<div class=\"inherit-container-width wp-block-group alignwide is-layout-constrained wp-block-group-is-layout-constrained\">\n<div class=\"wp-block-media-text alignwide has-media-on-the-right is-stacked-on-mobile is-vertically-aligned-center\" style=\"margin-top:var(--wp--preset--spacing--80);margin-bottom:0;padding-top:6.5rem;padding-bottom:2.4rem;grid-template-columns:auto 44%\"><div class=\"wp-block-media-text__content\">\n<h1 class=\"wp-block-heading has-text-align-left has-ast-global-color-6-color has-text-color\">A votre \u00e9coute<\/h1>\n\n\n\n<p><\/p>\n\n\n\n<div class=\"wp-block-buttons is-layout-flex wp-block-buttons-is-layout-flex\">\n<div class=\"wp-block-button\"><a class=\"wp-block-button__link wp-element-button\" href=\"https:\/\/jbtecs.fr\/index.php\/votre-demande\/\">Demande de devis<\/a><\/div>\n<\/div>\n<\/div><figure class=\"wp-block-media-text__media\"><img fetchpriority=\"high\" decoding=\"async\" width=\"1024\" height=\"684\" src=\"http:\/\/jbtecs.fr\/wp-content\/uploads\/2023\/10\/concept-controle-qualite-standard-m-1024x684.jpg\" alt=\"\" class=\"wp-image-103 size-full\" srcset=\"https:\/\/jbtecs.fr\/wp-content\/uploads\/2023\/10\/concept-controle-qualite-standard-m-1024x684.jpg 1024w, https:\/\/jbtecs.fr\/wp-content\/uploads\/2023\/10\/concept-controle-qualite-standard-m-300x200.jpg 300w, https:\/\/jbtecs.fr\/wp-content\/uploads\/2023\/10\/concept-controle-qualite-standard-m-768x513.jpg 768w, https:\/\/jbtecs.fr\/wp-content\/uploads\/2023\/10\/concept-controle-qualite-standard-m-1536x1025.jpg 1536w, https:\/\/jbtecs.fr\/wp-content\/uploads\/2023\/10\/concept-controle-qualite-standard-m-2048x1367.jpg 2048w\" sizes=\"(max-width: 1024px) 100vw, 1024px\" \/><\/figure><\/div>\n<\/div>\n<\/div><\/div>\n\n\n\n<div class=\"wp-block-group alignfull is-layout-constrained wp-container-core-group-is-layout-d119fe28 wp-block-group-is-layout-constrained\" id=\"services\" style=\"border-style:none;border-width:0px;min-height:0px;margin-top:0;margin-bottom:0;padding-top:100px;padding-bottom:100px\">\n<h2 class=\"wp-block-heading\" id=\"Ancre_expertise\">Notre expertise<\/h2>\n\n\n\n<div class=\"wp-block-columns is-layout-flex wp-container-core-columns-is-layout-60cbf9bb wp-block-columns-is-layout-flex\" style=\"margin-top:50px\">\n<div class=\"wp-block-column is-layout-flow wp-container-core-column-is-layout-6b73ce23 wp-block-column-is-layout-flow\">\n<figure class=\"wp-block-image size-large\"><img decoding=\"async\" width=\"1024\" height=\"683\" src=\"http:\/\/jbtecs.fr\/wp-content\/uploads\/2023\/10\/scott-graham-5fNmWej4tAA-unsplash-1024x683.jpg\" alt=\"\" class=\"wp-image-101\" style=\"aspect-ratio:3\/4;object-fit:cover\" srcset=\"https:\/\/jbtecs.fr\/wp-content\/uploads\/2023\/10\/scott-graham-5fNmWej4tAA-unsplash-1024x683.jpg 1024w, https:\/\/jbtecs.fr\/wp-content\/uploads\/2023\/10\/scott-graham-5fNmWej4tAA-unsplash-300x200.jpg 300w, https:\/\/jbtecs.fr\/wp-content\/uploads\/2023\/10\/scott-graham-5fNmWej4tAA-unsplash-768x513.jpg 768w, https:\/\/jbtecs.fr\/wp-content\/uploads\/2023\/10\/scott-graham-5fNmWej4tAA-unsplash-1536x1025.jpg 1536w\" sizes=\"(max-width: 1024px) 100vw, 1024px\" \/><\/figure>\n\n\n\n<h3 class=\"wp-block-heading\" style=\"margin-top:16px\">Cr\u00e9ation de solution Web\/Mobile<\/h3>\n\n\n\n<p>Nous vous proposons la cr\u00e9ation de toutes sortes de solutions Web\/Mobile selon vos projets.<\/p>\n\n\n\n<p><\/p>\n<\/div>\n\n\n\n<div class=\"wp-block-column is-layout-flow wp-container-core-column-is-layout-6b73ce23 wp-block-column-is-layout-flow\">\n<figure class=\"wp-block-image size-large\"><img decoding=\"async\" width=\"684\" height=\"1024\" src=\"http:\/\/jbtecs.fr\/wp-content\/uploads\/2023\/10\/pexels-pavel-danilyuk-8112186-684x1024.jpg\" alt=\"\" class=\"wp-image-104\" style=\"aspect-ratio:3\/4;object-fit:cover\" srcset=\"https:\/\/jbtecs.fr\/wp-content\/uploads\/2023\/10\/pexels-pavel-danilyuk-8112186-684x1024.jpg 684w, https:\/\/jbtecs.fr\/wp-content\/uploads\/2023\/10\/pexels-pavel-danilyuk-8112186-200x300.jpg 200w, https:\/\/jbtecs.fr\/wp-content\/uploads\/2023\/10\/pexels-pavel-danilyuk-8112186-768x1150.jpg 768w, https:\/\/jbtecs.fr\/wp-content\/uploads\/2023\/10\/pexels-pavel-danilyuk-8112186-1025x1536.jpg 1025w, https:\/\/jbtecs.fr\/wp-content\/uploads\/2023\/10\/pexels-pavel-danilyuk-8112186-1367x2048.jpg 1367w, https:\/\/jbtecs.fr\/wp-content\/uploads\/2023\/10\/pexels-pavel-danilyuk-8112186-scaled.jpg 1709w\" sizes=\"(max-width: 684px) 100vw, 684px\" \/><\/figure>\n\n\n\n<h3 class=\"wp-block-heading\" style=\"margin-top:16px\">Accompagnement au long de vos projets<\/h3>\n\n\n\n<p>Nous somme a votre \u00e9coute et nous vous proposons notre expertise et notre eperience afin de vous accompagn\u00e9 et vous conseiller tout au long de votre projet <\/p>\n<\/div>\n\n\n\n<div class=\"wp-block-column is-layout-flow wp-container-core-column-is-layout-6b73ce23 wp-block-column-is-layout-flow\">\n<figure class=\"wp-block-image size-large\"><img loading=\"lazy\" decoding=\"async\" width=\"1024\" height=\"684\" src=\"http:\/\/jbtecs.fr\/wp-content\/uploads\/2023\/10\/concept-controle-qualite-standard-m-1024x684.jpg\" alt=\"\" class=\"wp-image-103\" style=\"aspect-ratio:3\/4;object-fit:cover\" srcset=\"https:\/\/jbtecs.fr\/wp-content\/uploads\/2023\/10\/concept-controle-qualite-standard-m-1024x684.jpg 1024w, https:\/\/jbtecs.fr\/wp-content\/uploads\/2023\/10\/concept-controle-qualite-standard-m-300x200.jpg 300w, https:\/\/jbtecs.fr\/wp-content\/uploads\/2023\/10\/concept-controle-qualite-standard-m-768x513.jpg 768w, https:\/\/jbtecs.fr\/wp-content\/uploads\/2023\/10\/concept-controle-qualite-standard-m-1536x1025.jpg 1536w, https:\/\/jbtecs.fr\/wp-content\/uploads\/2023\/10\/concept-controle-qualite-standard-m-2048x1367.jpg 2048w\" sizes=\"(max-width: 1024px) 100vw, 1024px\" \/><\/figure>\n\n\n\n<h3 class=\"wp-block-heading\" style=\"margin-top:16px\">Entretien de vos solutions<\/h3>\n\n\n\n<p>Une fois votre projet termin\u00e9, nous nous engageons \u00e0 maintenir votre solution et a l&#8217;entretenir. Il vous sera aussi possible de la modifier et l&#8217;am\u00e9liorer selon vos besoin.<\/p>\n<\/div>\n<\/div>\n<\/div>\n\n\n\n<div class=\"wp-block-group alignfull has-background is-layout-constrained wp-container-core-group-is-layout-94d206d0 wp-block-group-is-layout-constrained\" id=\"about\" style=\"background:linear-gradient(135deg,rgb(238,238,238) 0%,rgb(67,164,233) 100%);padding-top:143px;padding-bottom:144px\">\n<div class=\"wp-block-media-text has-media-on-the-right is-stacked-on-mobile is-vertically-aligned-center\" style=\"grid-template-columns:auto 42%\"><div class=\"wp-block-media-text__content\">\n<div class=\"inherit-container-width wp-block-group is-layout-constrained wp-container-core-group-is-layout-47ce07ec wp-block-group-is-layout-constrained\" style=\"padding-right:80px\">\n<h2 class=\"wp-block-heading\" id=\"Ancre_QuiSommeNous\" style=\"padding-right:40px\">Qui sommes nous<\/h2>\n\n\n\n<p>Un regroupement de plusieurs d\u00e9veloppeurs qui lance leur soci\u00e9t\u00e9. <\/p>\n\n\n\n<p>Nos domaines de comp\u00e9tences sont la cr\u00e9ation de site web, d&#8217;appli mobile et aussi de d\u00e9veloppement de solution progiciel type ERP.<\/p>\n\n\n\n<p>Nous somme agile et nous pouvons nous adapter a votre besoin et proposer des solutions adapt\u00e9es.<\/p>\n<\/div>\n<\/div><figure class=\"wp-block-media-text__media\"><img decoding=\"async\" src=\"https:\/\/jbtecs.fr\/wp-content\/themes\/astra\/inc\/assets\/images\/starter-content\/about-us.jpg\" alt=\"\" class=\"wp-image-237 size-full\"\/><\/figure><\/div>\n<\/div>\n\n\n\n<div class=\"wp-block-group alignfull is-layout-constrained wp-container-core-group-is-layout-3fee123f wp-block-group-is-layout-constrained\" id=\"whyus\" style=\"padding-top:144px;padding-bottom:144px\">\n<h2 class=\"wp-block-heading\" id=\"Ancre_PourquoiNous\">Pourquoi nous ?<\/h2>\n\n\n\n<div class=\"wp-block-columns is-layout-flex wp-container-core-columns-is-layout-29aadeec wp-block-columns-is-layout-flex\" style=\"margin-top:60px\">\n<div class=\"wp-block-column is-layout-flow wp-container-core-column-is-layout-6b73ce23 wp-block-column-is-layout-flow\">\n<figure class=\"wp-block-image size-large\"><img decoding=\"async\" src=\"https:\/\/jbtecs.fr\/wp-content\/themes\/astra\/inc\/assets\/images\/starter-content\/passionate.svg\" alt=\"\" class=\"wp-image-162\"\/><\/figure>\n\n\n\n<h3 class=\"wp-block-heading\" style=\"margin-top:16px\">Passionn\u00e9<\/h3>\n\n\n\n<p>Nous somme disponible et nous nous consacrons a plein temps a vos projets et a vous apporter des solutions<\/p>\n<\/div>\n\n\n\n<div class=\"wp-block-column is-layout-flow wp-container-core-column-is-layout-6b73ce23 wp-block-column-is-layout-flow\">\n<figure class=\"wp-block-image size-large\"><img decoding=\"async\" src=\"https:\/\/jbtecs.fr\/wp-content\/themes\/astra\/inc\/assets\/images\/starter-content\/professional.svg\" alt=\"\" class=\"wp-image-163\"\/><\/figure>\n\n\n\n<h3 class=\"wp-block-heading\" style=\"margin-top:16px\">Professionnel<\/h3>\n\n\n\n<p>Nous avons une forte exp\u00e9rience et nous sommes en mesure de vous apporter des solutions sur mesure adapt\u00e9es a vos besoin.<\/p>\n<\/div>\n\n\n\n<div class=\"wp-block-column is-layout-flow wp-container-core-column-is-layout-6b73ce23 wp-block-column-is-layout-flow\">\n<figure class=\"wp-block-image size-large\"><img decoding=\"async\" src=\"https:\/\/jbtecs.fr\/wp-content\/themes\/astra\/inc\/assets\/images\/starter-content\/support.svg\" alt=\"\" class=\"wp-image-164\"\/><\/figure>\n\n\n\n<h3 class=\"wp-block-heading\" style=\"margin-top:16px\">Accompagnement<\/h3>\n\n\n\n<p>Nous vous accompagnerons et vous apporterons notre expertise dans vos projets selon votre secteur d&#8217;activit\u00e9s et vos besoin.<\/p>\n<\/div>\n<\/div>\n<\/div>\n","protected":false},"excerpt":{"rendered":"<p>Notre expertise Cr\u00e9ation de solution Web\/Mobile Nous vous proposons la cr\u00e9ation de toutes sortes de solutions Web\/Mobile selon vos projets. Accompagnement au long de vos projets Nous somme a votre \u00e9coute et nous vous proposons notre expertise et notre eperience afin de vous accompagn\u00e9 et vous conseiller tout au long de votre projet Entretien de &hellip;<\/p>\n<p class=\"read-more\"> <a class=\"\" href=\"https:\/\/jbtecs.fr\/\"> <span class=\"screen-reader-text\">Accueil<\/span> Read More &raquo;<\/a><\/p>\n","protected":false},"author":1,"featured_media":0,"parent":0,"menu_order":0,"comment_status":"closed","ping_status":"closed","template":"","meta":{"site-sidebar-layout":"no-sidebar","site-content-layout":"plain-container","ast-site-content-layout":"","site-content-style":"default","site-sidebar-style":"default","ast-global-header-display":"","ast-banner-title-visibility":"","ast-main-header-display":"","ast-hfb-above-header-display":"","ast-hfb-below-header-display":"","ast-hfb-mobile-header-display":"","site-post-title":"disabled","ast-breadcrumbs-content":"","ast-featured-img":"","footer-sml-layout":"","theme-transparent-header-meta":"enabled","adv-header-id-meta":"","stick-header-meta":"","header-above-stick-meta":"","header-main-stick-meta":"","header-below-stick-meta":"","astra-migrate-meta-layouts":"","ast-page-background-enabled":"default","ast-page-background-meta":{"desktop":{"background-color":"var(--ast-global-color-4)","background-image":"","background-repeat":"repeat","background-position":"center center","background-size":"auto","background-attachment":"scroll","background-type":"","background-media":"","overlay-type":"","overlay-color":"","overlay-gradient":""},"tablet":{"background-color":"","background-image":"","background-repeat":"repeat","background-position":"center center","background-size":"auto","background-attachment":"scroll","background-type":"","background-media":"","overlay-type":"","overlay-color":"","overlay-gradient":""},"mobile":{"background-color":"","background-image":"","background-repeat":"repeat","background-position":"center center","background-size":"auto","background-attachment":"scroll","background-type":"","background-media":"","overlay-type":"","overlay-color":"","overlay-gradient":""}},"ast-content-background-meta":{"desktop":{"background-color":"var(--ast-global-color-5)","background-image":"","background-repeat":"repeat","background-position":"center center","background-size":"auto","background-attachment":"scroll","background-type":"","background-media":"","overlay-type":"","overlay-color":"","overlay-gradient":""},"tablet":{"background-color":"var(--ast-global-color-5)","background-image":"","background-repeat":"repeat","background-position":"center center","background-size":"auto","background-attachment":"scroll","background-type":"","background-media":"","overlay-type":"","overlay-color":"","overlay-gradient":""},"mobile":{"background-color":"var(--ast-global-color-5)","background-image":"","background-repeat":"repeat","background-position":"center center","background-size":"auto","background-attachment":"scroll","background-type":"","background-media":"","overlay-type":"","overlay-color":"","overlay-gradient":""}},"footnotes":""},"class_list":["post-17","page","type-page","status-publish","hentry"],"_links":{"self":[{"href":"https:\/\/jbtecs.fr\/index.php\/wp-json\/wp\/v2\/pages\/17","targetHints":{"allow":["GET"]}}],"collection":[{"href":"https:\/\/jbtecs.fr\/index.php\/wp-json\/wp\/v2\/pages"}],"about":[{"href":"https:\/\/jbtecs.fr\/index.php\/wp-json\/wp\/v2\/types\/page"}],"author":[{"embeddable":true,"href":"https:\/\/jbtecs.fr\/index.php\/wp-json\/wp\/v2\/users\/1"}],"replies":[{"embeddable":true,"href":"https:\/\/jbtecs.fr\/index.php\/wp-json\/wp\/v2\/comments?post=17"}],"version-history":[{"count":24,"href":"https:\/\/jbtecs.fr\/index.php\/wp-json\/wp\/v2\/pages\/17\/revisions"}],"predecessor-version":[{"id":111,"href":"https:\/\/jbtecs.fr\/index.php\/wp-json\/wp\/v2\/pages\/17\/revisions\/111"}],"wp:attachment":[{"href":"https:\/\/jbtecs.fr\/index.php\/wp-json\/wp\/v2\/media?parent=17"}],"curies":[{"name":"wp","href":"https:\/\/api.w.org\/{rel}","templated":true}]}}